Let d(c) = -1163*c + 53597. Let v be d(46). Let f(i) = i + 22. Let t be f(0). Calculate the highest common divisor of v and t.
11
Suppose 3*d + 360 = 7*d. Let s = -3381 - -3426. What is the greatest common factor of d and s?
45
Suppose 3*w + 5*c = 5*w - 40, c - 80 = -4*w. Let y be w - (6/4 - (-3)/6). Calculate the highest common divisor of y and 504.
18
Let k be 12/10*(-40)/(-3). Let y = 251 + -165. Let l = y - 54. What is the highest common factor of l and k?
16
Let i = 655 - 70. What is the greatest common factor of 720 and i?
45
Let m = 100 - 86. Let v be m/(-21) + 0 - (-184)/6. Calculate the highest common divisor of v and 12.
6
Let b be (2 - 62)/(45/(-765)). Calculate the highest common factor of 1173 and b.
51
Suppose b - 37 = -3*x + 4*x, -5*x - 5*b = 155. Let u = -31 - x. Suppose 4*d = -20, -l = -d - u - 3. Calculate the greatest common divisor of l and 1.
1
Let o be 7/((-42)/1758) - -6. Let u = 317 + o. What is the greatest common factor of 180 and u?
30
Let x(a) = a**2 - 5*a - 1. Let m be x(-4). Let j = -153 - -153. Let d be (-2*(-1 - j))/((-1)/(-140)). Calculate the highest common divisor of m and d.
35
Let c = 987 + -2070. Let v = -643 - c. Calculate the highest common factor of 20 and v.
20
Suppose 0 - 78 = -39*a. Let o(h) = 40*h**2 - 10*h + 14. Let d be o(a). What is the greatest common divisor of 88 and d?
22
Suppose 769*b - 762*b = 3465. Calculate the highest common factor of 297 and b.
99
Let g(c) = c**3 + 3*c**2 + 4*c + 5. Let k be g(-2). Let p be (k/(-1))/((-19)/1064). Suppose 3*s - s - p = 0. What is the greatest common factor of 14 and s?
14
Let p be 28/(15/(-25) - (-52)/20). Let z be 527/5 - (-1 + p/10). What is the greatest common factor of z and 42?
21
Let a(p) = 169*p**2 - 53*p + 38. Let r be a(-6). What is the highest common factor of r and 3360?
280
Suppose -5*y = 0, 2*y - 2 = 5*t + 28. Let j be t - -1 - (-1211)/7. What is the greatest common divisor of j and 42?
42
Suppose 0 = 4*i - 0*i. Suppose l - 3 + 1 = i, -2*r = 2*l - 14. Suppose 67*h - 11165 = 69*h - 321*h. Calculate the highest common factor of r and h.
5
Suppose t - 232 - 61 = 11. Calculate the greatest common factor of t and 56.
8
Let a(r) = 2*r**2 - 27*r + 62. Let i be a(11). Suppose -m - i*o + 92 = -8*o, 5*m = 4*o + 465. Calculate the greatest common divisor of m and 291.
97
Let l = -1904 - -1920. Calculate the greatest common divisor of 5296 and l.
16
Let a = 720914 + -720746. Let i be 143 - (1*-1)/1. What is the greatest common divisor of a and i?
24
Suppose -5*y + 386 = -4*d, -3*y + 38 = -d - 195. Let t be (29262/(-39))/(-2) - 12/y. What is the highest common divisor of 30 and t?
15
Let a(q) be the first derivative of -2*q**2 + 7*q - 9. Let z be a(-5). Let o be ((-189)/(-4))/(-1)*-4. What is the highest common divisor of o and z?
27
Let d = 154 + -140. Let v(m) = -9*m + 21. Let f be v(7). Let h be (-70)/(-21)*f/(-5). What is the highest common divisor of d and h?
14
Suppose 5*g = 5*x + 370, 84*x + 285 = 4*g + 81*x. Let m(y) = 20*y**3 + y. Let s be m(1). Calculate the greatest common factor of s and g.
21
Suppose 2*j = 10, -4*t + t + 20 = 4*j. Suppose t = -34*m + 31*m + 660. What is the highest common divisor of m and 44?
44
Suppose -4*n + 261 = 2*m - m, -2*m - 310 = -5*n. Let i be (2/4)/(2/4). Let k be (-6 + 8/(-4))/(i/(-2)). What is the greatest common factor of n and k?
16
Let k(y) = 16*y**2 - y - 26. Let b be k(8). Suppose 0 = -15*d + 21*d - b. What is the greatest common factor of d and 132?
33
Suppose 351 = 6*v + 45. Suppose v + 127 = 2*y. Suppose 0 = -4*k - r + 165, 3*k = -r + 36 + y. What is the greatest common factor of k and 5?
5
Let v(c) = 42*c**2 - 177*c - 352. Let z be v(-2). What is the highest common factor of 640 and z?
10
Suppose 21 = v + 6*v. Let z be 5 + v + 1 + -4. Let c(i) = -i**2 + 10*i - 5. Let h be c(z). What is the greatest common divisor of 100 and h?
20
Let q = 234 + -231. Suppose -4*g + 584 = 4*y, 3*g - y - 424 = q*y. Calculate the greatest common factor of 18 and g.
18
Suppose 4*w - 39*w - 8337 = -32732. Let f = 90 + -49. What is the greatest common factor of f and w?
41
Suppose -u + 1082 = 6*r, -362 = 60*r - 62*r - u. Calculate the highest common factor of r and 1395.
45
Let m(q) = 2*q**3 + 12*q**2 - 14*q - 4. Let y be m(-7). Let h be y*((-1)/(8/(-162)) - 3). Let o = h + 221. What is the highest common divisor of 19 and o?
19
Let j = -17 + 49. Let i be (-1)/(-2) + -1 - 406/116. Let b(g) = g**2 - g - 12. Let h be b(i). What is the highest common factor of h and j?
8
Suppose l - 5*r = -6*r - 3, -4*l + 2*r = -6. Suppose l = -t - 0*t + 30. Calculate the highest common factor of 165 and t.
15
Suppose 3*m + 2*l = 1360, -451 = -0*m - m - 3*l. Let o = 455 - m. What is the highest common factor of 25 and o?
1
Let g = -2905 - -3427. Calculate the highest common divisor of 90 and g.
18
Let a = -29 - -79. Let u be 26/5 - a/250. What is the greatest common divisor of 10 and u?
5
Suppose 2*n - 16069 = -4*q + 25969, -3*q + 3*n = -31551. What is the highest common factor of 72 and q?
72
Suppose 278 = 5*o + 2*y, 3*o - 47*y - 168 = -48*y. Suppose 0 = 3*v - 917 - 301. What is the highest common factor of o and v?
58
Suppose -2*k + 34 + 8 = 0. Let a(l) = -19*l**2 + 5*l + 1113. Let p be a(0). Calculate the highest common divisor of k and p.
21
Suppose -13*y + 5594 + 1270 = 0. Suppose -23*f + 31*f = y. Calculate the greatest common factor of 726 and f.
66
Let c be (7 - (1 - -5))/((-2)/14). Let a be -4 + (-4 - c) - -4. Suppose p = a*p - 8. Calculate the highest common factor of p and 32.
4
Let p(v) = v**2 - 7*v + 6. Let q be p(7). Let l = q + 8. Suppose -4*b + 98 + l = 0. What is the greatest common factor of 14 and b?
14
Let p be (2/17 - (-75579)/1037)*50*1. Calculate the greatest common factor of 50 and p.
50
Suppose 2*u - 4*g - 226 = 0, 61*u - 59*u + g - 246 = 0. What is the greatest common factor of u and 528?
11
Let r = 9098 + -7532. Calculate the greatest common factor of r and 116.
58
Suppose 752 + 3555 = 10*i + 63*i. Calculate the highest common factor of i and 28.
1
Let z be 14107776/1472 - 2/23. Calculate the highest common factor of z and 48.
16
Let v(o) = 20*o + 58. Let w be v(23). Calculate the highest common factor of 592 and w.
74
Let d(i) = 200*i**2 - 8*i - 16. Let w be d(7). Calculate the highest common divisor of w and 76.
76
Suppose 2*m = -5*k + m + 659, 5*m = -3*k + 391. Let r be -8*((-1161)/258 + 2 + 1). What is the highest common divisor of k and r?
12
Suppose -2*a - 2*f = -5344 - 4428, 14 = 2*f. What is the highest common factor of 369 and a?
41
Suppose 32*i + 25103 = 33*i + 5*q, 5*q = 2*i - 50161. Suppose -108*l + i = -76*l. Calculate the greatest common divisor of 8 and l.
8
Let p be ((-903)/28)/(15/40). Let u = -38 - p. Calculate the greatest common factor of u and 18.
6
Let l be 72/14 + 2/(-14). Suppose -2*u + 198 = -2*x, l*u + 9*x - 12*x = 489. What is the greatest common divisor of u and 6?
6
Suppose -3*y + 33 = -69. Let b = -89 + y. Let w = -43 - b. Calculate the greatest common factor of w and 30.
6
Let b(o) = -123*o - 714. Let t be b(-12). Calculate the greatest common factor of 48 and t.
6
Let w(l) = 59*l - 1. Let m be w(2). Let f = -199 + 217. Calculate the highest common factor of m and f.
9
Let n(g) = g**3 + 15*g**2 - 17*g - 14. Let c be n(-16). Suppose c*t + 1396 = 1402. What is the highest common divisor of t and 15?
3
Suppose -q - 2*q - 69 = 4*i, -9 = 3*q. Let u = 19 + i. What is the highest common divisor of 2 and u?
2
Let b = -237 + 254. Let f(s) = -s**3 + 18*s**2 + 11*s + 19. Let h be f(b). Calculate the highest common divisor of h and 55.
55
Let u be 8730/36 + 6 + 60/(-8). What is the highest common divisor of 5 and u?
1
Suppose -4*c + 5671 = 2*d + 261, 4 = -4*d. Let s = 2663 - c. Calculate the greatest common divisor of s and 10.
10
Suppose 0 = -44*g - 2*g + 10350. Suppose -10*o + 3*m = -12*o + 262, o - 121 = m. Calculate the greatest common factor of o and g.
25
Let y be (1 + 9/(-2))*(-81090)/1113. Calculate the highest common divisor of 345 and y.
15
Suppose 9808 = 5*m - 3*d, m - 1964 = 40*d - 39*d. Calculate the greatest common divisor of 88 and m.
22
Suppose -6*d + 3*d = x - 33, 0 = -3*x - 3*d + 69. Suppose 14*i - 9*i - 5*p = 30, -i - 3*p = -x. Calculate the greatest common divisor of 171 and i.